{"id":729,"date":"2018-07-10T12:48:48","date_gmt":"2018-07-10T15:48:48","guid":{"rendered":"https:\/\/ens34-sfe.infd.edu.ar\/sitio\/?page_id=729"},"modified":"2025-03-18T08:56:31","modified_gmt":"2025-03-18T11:56:31","slug":"otro","status":"publish","type":"page","link":"https:\/\/ens34-sfe.infd.edu.ar\/sitio\/otro\/","title":{"rendered":"2da. Convocatoria Presentaci\u00f3n Proyectos_3\u00b0 2da._Espacios de Definici\u00f3n Institucional I y II_Profesorado de Educaci\u00f3n Primaria"},"content":{"rendered":"\n<p>&nbsp;&nbsp;&nbsp;&nbsp;&nbsp;&nbsp;&nbsp;&nbsp;&nbsp;&nbsp;&nbsp;&nbsp;&nbsp;&nbsp;&nbsp;&nbsp;&nbsp;&nbsp;&nbsp;&nbsp;&nbsp;&nbsp;&nbsp;&nbsp;&nbsp;&nbsp;&nbsp;&nbsp;&nbsp;&nbsp;&nbsp;&nbsp;&nbsp;&nbsp;&nbsp;&nbsp;&nbsp;&nbsp;&nbsp;&nbsp;&nbsp;&nbsp;&nbsp;&nbsp;&nbsp;&nbsp;&nbsp;&nbsp;&nbsp;&nbsp;&nbsp;&nbsp;&nbsp;&nbsp; &nbsp; &nbsp; &nbsp; &nbsp; &nbsp; &nbsp; &nbsp; &nbsp; &nbsp; &nbsp; &nbsp; &nbsp; &nbsp; &nbsp; &nbsp; &nbsp;&nbsp; &nbsp;&nbsp;&nbsp;&nbsp;&nbsp;&nbsp;&nbsp;&nbsp; Rosario, 17 de marzo de 2025.-<\/p>\n\n\n\n<p>Estimadas\/os docentes:<\/p>\n\n\n\n<p>Como consecuencia de la imposibilidad de Tomar Posesi\u00f3n por parte de los docentes aspirantes a cubrir los Espacios de Definici\u00f3n Institucional I y II, del Profesorado de Educaci\u00f3n Primaria, Comisi\u00f3n 3\u00b0 2da., por medio de la presente se hace p\u00fablica la 2da. Convocatoria a Presentaci\u00f3n de Proyectos para cubrir el dictado de:<\/p>\n\n\n\n<p><strong>Espacio curricular: Espacios de Definici\u00f3n Institucional I y II<\/strong><\/p>\n\n\n\n<p><strong>Profesorado de Educaci\u00f3n Primaria<\/strong><\/p>\n\n\n\n<p>Ciclos acad\u00e9micos: 2025-2026.<\/p>\n\n\n\n<p>Comisi\u00f3n: 3\u00b0 2da.<\/p>\n\n\n\n<p>D\u00eda: Jueves<\/p>\n\n\n\n<p>Horario: 16.25 a 18.25hs.&nbsp;<\/p>\n\n\n\n<p>Los requisitos de admisibilidad, componentes del Proyecto, etc. son accesibles a trav\u00e9s del enlace consignado.<\/p>\n\n\n\n<p><a href=\"https:\/\/docs.google.com\/document\/d\/1n_2f1ONeWP9_vh4-YiNQocNcCh5BcletXKqQ2LqcuLE\/edit?tab=t.0\">https:\/\/docs.google.com\/document\/d\/1n_2f1ONeWP9_vh4-YiNQocNcCh5BcletXKqQ2LqcuLE\/edit?tab=t.0<\/a><\/p>\n\n\n\n<p>No olvidar consignar un\/a co-autor\/a.<\/p>\n\n\n\n<p>Aguardamos contar con su participaci\u00f3n.<\/p>\n\n\n\n<p>Atte.<\/p>\n\n\n\n<p>Equipo de Gesti\u00f3n<\/p>\n\n\n\n<p>&#8212;&#8212;&#8212;&#8212;&#8212;&#8212;&#8212;&#8212;&#8212;&#8212;&#8212;&#8212;&#8212;&#8212;&#8212;&#8212;&#8212;&#8212;&#8212;&#8212;&#8212;&#8212;&#8212;&#8212;&#8212;&#8212;&#8212;&#8212;&#8212;&#8212;&#8212;&#8212;&#8212;&#8212;&#8212;&#8212;&#8212;&#8212;&#8212;&#8212;&#8212;&#8212;&#8212;&#8212;&#8212;&#8212;&#8212;<\/p>\n\n\n\n<p><\/p>\n\n\n\n<p>&nbsp;Rosario, 19 de diciembre de 2024.-<\/p>\n\n\n\n<p>Estimadas\/os docentes:<\/p>\n\n\n\n<p>Por medio de la presente se hace p\u00fablica la Convocatoria a cubrir el dictado de los Espacios de Definici\u00f3n Institucional I y II de los Profesorados de Educaci\u00f3n Inicial y Primaria.<\/p>\n\n\n\n<p>Los requisitos, condiciones, plazos, d\u00edas y horarios de dictado, etc. son accesibles a trav\u00e9s del siguiente enlace:<\/p>\n\n\n\n<p><a href=\"https:\/\/drive.google.com\/file\/d\/1EPnXqxlEq713iFHF-hxH03gjjYxUvvVC\/view?usp=sharing\">https:\/\/drive.google.com\/file\/d\/1EPnXqxlEq713iFHF-hxH03gjjYxUvvVC\/view?usp=sharing<\/a><\/p>\n\n\n\n<p>Aguardamos contar con su participaci\u00f3n.<\/p>\n\n\n\n<p>Atte.<\/p>\n\n\n\n<p>Equipo de Gesti\u00f3n<\/p>\n","protected":false},"excerpt":{"rendered":"<p>&nbsp;&nbsp;&nbsp;&nbsp;&nbsp;&nbsp;&nbsp;&nbsp;&nbsp;&nbsp;&nbsp;&nbsp;&nbsp;&nbsp;&nbsp;&nbsp;&nbsp;&nbsp;&nbsp;&nbsp;&nbsp;&nbsp;&nbsp;&nbsp;&nbsp;&nbsp;&nbsp;&nbsp;&nbsp;&nbsp;&nbsp;&nbsp;&nbsp;&nbsp;&nbsp;&nbsp;&nbsp;&nbsp;&nbsp;&nbsp;&nbsp;&nbsp;&nbsp;&nbsp;&nbsp;&nbsp;&nbsp;&nbsp;&nbsp;&nbsp;&nbsp;&nbsp;&nbsp;&nbsp; &nbsp; &nbsp; &nbsp; &nbsp; &nbsp; &nbsp; &nbsp; &nbsp; &nbsp; &nbsp; &nbsp; &nbsp; &nbsp; &nbsp; &nbsp; &nbsp;&nbsp; &nbsp;&nbsp;&nbsp;&nbsp;&nbsp;&nbsp;&nbsp;&nbsp; Rosario, 17 de marzo de 2025.- Estimadas\/os docentes: Como consecuencia de la imposibilidad de Tomar Posesi\u00f3n por parte de los docentes aspirantes a cubrir los Espacios de Definici\u00f3n Institucional I y II, del Profesorado de Educaci\u00f3n Primaria, &#8230; <a title=\"2da. Convocatoria Presentaci\u00f3n Proyectos_3\u00b0 2da._Espacios de Definici\u00f3n Institucional I y II_Profesorado de Educaci\u00f3n Primaria\" class=\"read-more\" href=\"https:\/\/ens34-sfe.infd.edu.ar\/sitio\/otro\/\" aria-label=\"More on 2da. Convocatoria Presentaci\u00f3n Proyectos_3\u00b0 2da._Espacios de Definici\u00f3n Institucional I y II_Profesorado de Educaci\u00f3n Primaria\">[+]<\/a><\/p>\n","protected":false},"author":68,"featured_media":0,"parent":0,"menu_order":0,"comment_status":"closed","ping_status":"closed","template":"","meta":[],"acf":[],"_links":{"self":[{"href":"https:\/\/ens34-sfe.infd.edu.ar\/sitio\/wp-json\/wp\/v2\/pages\/729"}],"collection":[{"href":"https:\/\/ens34-sfe.infd.edu.ar\/sitio\/wp-json\/wp\/v2\/pages"}],"about":[{"href":"https:\/\/ens34-sfe.infd.edu.ar\/sitio\/wp-json\/wp\/v2\/types\/page"}],"author":[{"embeddable":true,"href":"https:\/\/ens34-sfe.infd.edu.ar\/sitio\/wp-json\/wp\/v2\/users\/68"}],"replies":[{"embeddable":true,"href":"https:\/\/ens34-sfe.infd.edu.ar\/sitio\/wp-json\/wp\/v2\/comments?post=729"}],"version-history":[{"count":4,"href":"https:\/\/ens34-sfe.infd.edu.ar\/sitio\/wp-json\/wp\/v2\/pages\/729\/revisions"}],"predecessor-version":[{"id":1528,"href":"https:\/\/ens34-sfe.infd.edu.ar\/sitio\/wp-json\/wp\/v2\/pages\/729\/revisions\/1528"}],"wp:attachment":[{"href":"https:\/\/ens34-sfe.infd.edu.ar\/sitio\/wp-json\/wp\/v2\/media?parent=729"}],"curies":[{"name":"wp","href":"https:\/\/api.w.org\/{rel}","templated":true}]}}